{"id":2973,"date":"2024-03-26T18:44:55","date_gmt":"2024-03-26T18:44:55","guid":{"rendered":"https:\/\/aberturasdelpilar.com.ar\/a\/?post_type=product&#038;p=2973"},"modified":"2024-03-26T18:52:23","modified_gmt":"2024-03-26T18:52:23","slug":"portada-doble-deluxe-wood-pivotante-con-detalles","status":"publish","type":"product","link":"https:\/\/aberturasdelpilar.com.ar\/a\/product\/portada-doble-deluxe-wood-pivotante-con-detalles\/","title":{"rendered":"Portada Doble Deluxe Wood Pivotante con detalles"},"content":{"rendered":"<div class=\"wpb-content-wrapper\"><p>[vc_row][vc_column][vc_column_text]<strong>SISTEMA PIVOTANTE EXCLUSIVO<\/strong>, para colocar bajo pisos, dando continuidad.<br \/>\n<strong>TECNOLOG\u00cdA SUPERIOR<\/strong>, construida en una sola pieza. Hoja compacta de acero\u00a0galvanizado de 2\u2033 de espesor, con bastidor interno.<br \/>\n<strong>Terminaci\u00f3n superior,<\/strong>\u00a0acabado final s\u00edmil madera. Sin mantenimiento.<br \/>\n<strong>Mayor seguridad:<\/strong>\u00a0Cerradura Europerfil.<br \/>\n<strong>Eficiencia:<\/strong>\u00a0Ahorro de energ\u00eda, aislaci\u00f3n t\u00e9rmica y ac\u00fastica. Inyectada con Poliuretano Expandido[\/vc_column_text][\/vc_column][\/vc_row]<\/p>\n<\/div>","protected":false},"excerpt":{"rendered":"<h4>Puerta de acero para exterior<br \/>\n<a href=\"https:\/\/aberturasdelpilar.com.ar\/a\/wp-content\/uploads\/2024\/03\/A-nexo-1.jpg\"><img loading=\"lazy\" decoding=\"async\" class=\"alignnone wp-image-2953 size-full\" src=\"https:\/\/aberturasdelpilar.com.ar\/a\/wp-content\/uploads\/2024\/03\/A-nexo-1.jpg\" alt=\"nEXO\" width=\"150\" height=\"42\" \/><\/a><\/h4>\n","protected":false},"featured_media":2975,"template":"","meta":[],"product_brand":[],"product_cat":[222,223],"product_tag":[],"class_list":{"0":"post-2973","1":"product","2":"type-product","3":"status-publish","4":"has-post-thumbnail","6":"product_cat-nexo","7":"product_cat-puertas-de-exterior-nexo","9":"first","10":"instock","11":"shipping-taxable","12":"purchasable","13":"product-type-simple"},"yoast_head":"<!-- This site is optimized with the Yoast SEO plugin v27.5 - https:\/\/yoast.com\/product\/yoast-seo-wordpress\/ -->\n<title>Portada Doble Deluxe Wood Pivotante con detalles - Aberturas del Pilar<\/title>\n<meta name=\"robots\" content=\"index, follow, max-snippet:-1, max-image-preview:large, max-video-preview:-1\" \/>\n<link rel=\"canonical\" href=\"https:\/\/aberturasdelpilar.com.ar\/a\/product\/portada-doble-deluxe-wood-pivotante-con-detalles\/\" \/>\n<meta property=\"og:locale\" content=\"es_ES\" \/>\n<meta property=\"og:type\" content=\"article\" \/>\n<meta property=\"og:title\" content=\"Portada Doble Deluxe Wood Pivotante con detalles - Aberturas del Pilar\" \/>\n<meta property=\"og:description\" content=\"Puerta de acero para exterior\" \/>\n<meta property=\"og:url\" content=\"https:\/\/aberturasdelpilar.com.ar\/a\/product\/portada-doble-deluxe-wood-pivotante-con-detalles\/\" \/>\n<meta property=\"og:site_name\" content=\"Aberturas del Pilar\" \/>\n<meta property=\"article:modified_time\" content=\"2024-03-26T18:52:23+00:00\" \/>\n<meta property=\"og:image\" content=\"https:\/\/aberturasdelpilar.com.ar\/a\/wp-content\/uploads\/2024\/03\/DELUXE-DOBLE-WOOD-PIVOTANTE-detalles2.jpg\" \/>\n\t<meta property=\"og:image:width\" content=\"1200\" \/>\n\t<meta property=\"og:image:height\" content=\"1200\" \/>\n\t<meta property=\"og:image:type\" content=\"image\/jpeg\" \/>\n<meta name=\"twitter:card\" content=\"summary_large_image\" \/>\n<meta name=\"twitter:label1\" content=\"Tiempo de lectura\" \/>\n\t<meta name=\"twitter:data1\" content=\"1 minuto\" \/>\n<script type=\"application\/ld+json\" class=\"yoast-schema-graph\">{\"@context\":\"https:\\\/\\\/schema.org\",\"@graph\":[{\"@type\":\"WebPage\",\"@id\":\"https:\\\/\\\/aberturasdelpilar.com.ar\\\/a\\\/product\\\/portada-doble-deluxe-wood-pivotante-con-detalles\\\/\",\"url\":\"https:\\\/\\\/aberturasdelpilar.com.ar\\\/a\\\/product\\\/portada-doble-deluxe-wood-pivotante-con-detalles\\\/\",\"name\":\"Portada Doble Deluxe Wood Pivotante con detalles - Aberturas del Pilar\",\"isPartOf\":{\"@id\":\"https:\\\/\\\/aberturasdelpilar.com.ar\\\/a\\\/#website\"},\"primaryImageOfPage\":{\"@id\":\"https:\\\/\\\/aberturasdelpilar.com.ar\\\/a\\\/product\\\/portada-doble-deluxe-wood-pivotante-con-detalles\\\/#primaryimage\"},\"image\":{\"@id\":\"https:\\\/\\\/aberturasdelpilar.com.ar\\\/a\\\/product\\\/portada-doble-deluxe-wood-pivotante-con-detalles\\\/#primaryimage\"},\"thumbnailUrl\":\"https:\\\/\\\/aberturasdelpilar.com.ar\\\/a\\\/wp-content\\\/uploads\\\/2024\\\/03\\\/DELUXE-DOBLE-WOOD-PIVOTANTE-detalles2.jpg\",\"datePublished\":\"2024-03-26T18:44:55+00:00\",\"dateModified\":\"2024-03-26T18:52:23+00:00\",\"breadcrumb\":{\"@id\":\"https:\\\/\\\/aberturasdelpilar.com.ar\\\/a\\\/product\\\/portada-doble-deluxe-wood-pivotante-con-detalles\\\/#breadcrumb\"},\"inLanguage\":\"es\",\"potentialAction\":[{\"@type\":\"ReadAction\",\"target\":[\"https:\\\/\\\/aberturasdelpilar.com.ar\\\/a\\\/product\\\/portada-doble-deluxe-wood-pivotante-con-detalles\\\/\"]}]},{\"@type\":\"ImageObject\",\"inLanguage\":\"es\",\"@id\":\"https:\\\/\\\/aberturasdelpilar.com.ar\\\/a\\\/product\\\/portada-doble-deluxe-wood-pivotante-con-detalles\\\/#primaryimage\",\"url\":\"https:\\\/\\\/aberturasdelpilar.com.ar\\\/a\\\/wp-content\\\/uploads\\\/2024\\\/03\\\/DELUXE-DOBLE-WOOD-PIVOTANTE-detalles2.jpg\",\"contentUrl\":\"https:\\\/\\\/aberturasdelpilar.com.ar\\\/a\\\/wp-content\\\/uploads\\\/2024\\\/03\\\/DELUXE-DOBLE-WOOD-PIVOTANTE-detalles2.jpg\",\"width\":1200,\"height\":1200},{\"@type\":\"BreadcrumbList\",\"@id\":\"https:\\\/\\\/aberturasdelpilar.com.ar\\\/a\\\/product\\\/portada-doble-deluxe-wood-pivotante-con-detalles\\\/#breadcrumb\",\"itemListElement\":[{\"@type\":\"ListItem\",\"position\":1,\"name\":\"Tienda\",\"item\":\"https:\\\/\\\/aberturasdelpilar.com.ar\\\/a\\\/tienda\\\/\"},{\"@type\":\"ListItem\",\"position\":2,\"name\":\"Portada Doble Deluxe Wood Pivotante con detalles\"}]},{\"@type\":\"WebSite\",\"@id\":\"https:\\\/\\\/aberturasdelpilar.com.ar\\\/a\\\/#website\",\"url\":\"https:\\\/\\\/aberturasdelpilar.com.ar\\\/a\\\/\",\"name\":\"Aberturas del Pilar\",\"description\":\"F\u00e1brica de Cerramientos de Aluminio - Venta puertas y Portones\",\"publisher\":{\"@id\":\"https:\\\/\\\/aberturasdelpilar.com.ar\\\/a\\\/#organization\"},\"potentialAction\":[{\"@type\":\"SearchAction\",\"target\":{\"@type\":\"EntryPoint\",\"urlTemplate\":\"https:\\\/\\\/aberturasdelpilar.com.ar\\\/a\\\/?s={search_term_string}\"},\"query-input\":{\"@type\":\"PropertyValueSpecification\",\"valueRequired\":true,\"valueName\":\"search_term_string\"}}],\"inLanguage\":\"es\"},{\"@type\":\"Organization\",\"@id\":\"https:\\\/\\\/aberturasdelpilar.com.ar\\\/a\\\/#organization\",\"name\":\"Aberturas del Pilar\",\"url\":\"https:\\\/\\\/aberturasdelpilar.com.ar\\\/a\\\/\",\"logo\":{\"@type\":\"ImageObject\",\"inLanguage\":\"es\",\"@id\":\"https:\\\/\\\/aberturasdelpilar.com.ar\\\/a\\\/#\\\/schema\\\/logo\\\/image\\\/\",\"url\":\"https:\\\/\\\/aberturasdelpilar.com.ar\\\/a\\\/wp-content\\\/uploads\\\/2020\\\/07\\\/logo-delpilar-3.png\",\"contentUrl\":\"https:\\\/\\\/aberturasdelpilar.com.ar\\\/a\\\/wp-content\\\/uploads\\\/2020\\\/07\\\/logo-delpilar-3.png\",\"width\":494,\"height\":182,\"caption\":\"Aberturas del Pilar\"},\"image\":{\"@id\":\"https:\\\/\\\/aberturasdelpilar.com.ar\\\/a\\\/#\\\/schema\\\/logo\\\/image\\\/\"}}]}<\/script>\n<!-- \/ Yoast SEO plugin. -->","yoast_head_json":{"title":"Portada Doble Deluxe Wood Pivotante con detalles - Aberturas del Pilar","robots":{"index":"index","follow":"follow","max-snippet":"max-snippet:-1","max-image-preview":"max-image-preview:large","max-video-preview":"max-video-preview:-1"},"canonical":"https:\/\/aberturasdelpilar.com.ar\/a\/product\/portada-doble-deluxe-wood-pivotante-con-detalles\/","og_locale":"es_ES","og_type":"article","og_title":"Portada Doble Deluxe Wood Pivotante con detalles - Aberturas del Pilar","og_description":"Puerta de acero para exterior","og_url":"https:\/\/aberturasdelpilar.com.ar\/a\/product\/portada-doble-deluxe-wood-pivotante-con-detalles\/","og_site_name":"Aberturas del Pilar","article_modified_time":"2024-03-26T18:52:23+00:00","og_image":[{"width":1200,"height":1200,"url":"https:\/\/aberturasdelpilar.com.ar\/a\/wp-content\/uploads\/2024\/03\/DELUXE-DOBLE-WOOD-PIVOTANTE-detalles2.jpg","type":"image\/jpeg"}],"twitter_card":"summary_large_image","twitter_misc":{"Tiempo de lectura":"1 minuto"},"schema":{"@context":"https:\/\/schema.org","@graph":[{"@type":"WebPage","@id":"https:\/\/aberturasdelpilar.com.ar\/a\/product\/portada-doble-deluxe-wood-pivotante-con-detalles\/","url":"https:\/\/aberturasdelpilar.com.ar\/a\/product\/portada-doble-deluxe-wood-pivotante-con-detalles\/","name":"Portada Doble Deluxe Wood Pivotante con detalles - Aberturas del Pilar","isPartOf":{"@id":"https:\/\/aberturasdelpilar.com.ar\/a\/#website"},"primaryImageOfPage":{"@id":"https:\/\/aberturasdelpilar.com.ar\/a\/product\/portada-doble-deluxe-wood-pivotante-con-detalles\/#primaryimage"},"image":{"@id":"https:\/\/aberturasdelpilar.com.ar\/a\/product\/portada-doble-deluxe-wood-pivotante-con-detalles\/#primaryimage"},"thumbnailUrl":"https:\/\/aberturasdelpilar.com.ar\/a\/wp-content\/uploads\/2024\/03\/DELUXE-DOBLE-WOOD-PIVOTANTE-detalles2.jpg","datePublished":"2024-03-26T18:44:55+00:00","dateModified":"2024-03-26T18:52:23+00:00","breadcrumb":{"@id":"https:\/\/aberturasdelpilar.com.ar\/a\/product\/portada-doble-deluxe-wood-pivotante-con-detalles\/#breadcrumb"},"inLanguage":"es","potentialAction":[{"@type":"ReadAction","target":["https:\/\/aberturasdelpilar.com.ar\/a\/product\/portada-doble-deluxe-wood-pivotante-con-detalles\/"]}]},{"@type":"ImageObject","inLanguage":"es","@id":"https:\/\/aberturasdelpilar.com.ar\/a\/product\/portada-doble-deluxe-wood-pivotante-con-detalles\/#primaryimage","url":"https:\/\/aberturasdelpilar.com.ar\/a\/wp-content\/uploads\/2024\/03\/DELUXE-DOBLE-WOOD-PIVOTANTE-detalles2.jpg","contentUrl":"https:\/\/aberturasdelpilar.com.ar\/a\/wp-content\/uploads\/2024\/03\/DELUXE-DOBLE-WOOD-PIVOTANTE-detalles2.jpg","width":1200,"height":1200},{"@type":"BreadcrumbList","@id":"https:\/\/aberturasdelpilar.com.ar\/a\/product\/portada-doble-deluxe-wood-pivotante-con-detalles\/#breadcrumb","itemListElement":[{"@type":"ListItem","position":1,"name":"Tienda","item":"https:\/\/aberturasdelpilar.com.ar\/a\/tienda\/"},{"@type":"ListItem","position":2,"name":"Portada Doble Deluxe Wood Pivotante con detalles"}]},{"@type":"WebSite","@id":"https:\/\/aberturasdelpilar.com.ar\/a\/#website","url":"https:\/\/aberturasdelpilar.com.ar\/a\/","name":"Aberturas del Pilar","description":"F\u00e1brica de Cerramientos de Aluminio - Venta puertas y Portones","publisher":{"@id":"https:\/\/aberturasdelpilar.com.ar\/a\/#organization"},"potentialAction":[{"@type":"SearchAction","target":{"@type":"EntryPoint","urlTemplate":"https:\/\/aberturasdelpilar.com.ar\/a\/?s={search_term_string}"},"query-input":{"@type":"PropertyValueSpecification","valueRequired":true,"valueName":"search_term_string"}}],"inLanguage":"es"},{"@type":"Organization","@id":"https:\/\/aberturasdelpilar.com.ar\/a\/#organization","name":"Aberturas del Pilar","url":"https:\/\/aberturasdelpilar.com.ar\/a\/","logo":{"@type":"ImageObject","inLanguage":"es","@id":"https:\/\/aberturasdelpilar.com.ar\/a\/#\/schema\/logo\/image\/","url":"https:\/\/aberturasdelpilar.com.ar\/a\/wp-content\/uploads\/2020\/07\/logo-delpilar-3.png","contentUrl":"https:\/\/aberturasdelpilar.com.ar\/a\/wp-content\/uploads\/2020\/07\/logo-delpilar-3.png","width":494,"height":182,"caption":"Aberturas del Pilar"},"image":{"@id":"https:\/\/aberturasdelpilar.com.ar\/a\/#\/schema\/logo\/image\/"}}]}},"_links":{"self":[{"href":"https:\/\/aberturasdelpilar.com.ar\/a\/wp-json\/wp\/v2\/product\/2973","targetHints":{"allow":["GET"]}}],"collection":[{"href":"https:\/\/aberturasdelpilar.com.ar\/a\/wp-json\/wp\/v2\/product"}],"about":[{"href":"https:\/\/aberturasdelpilar.com.ar\/a\/wp-json\/wp\/v2\/types\/product"}],"wp:featuredmedia":[{"embeddable":true,"href":"https:\/\/aberturasdelpilar.com.ar\/a\/wp-json\/wp\/v2\/media\/2975"}],"wp:attachment":[{"href":"https:\/\/aberturasdelpilar.com.ar\/a\/wp-json\/wp\/v2\/media?parent=2973"}],"wp:term":[{"taxonomy":"product_brand","embeddable":true,"href":"https:\/\/aberturasdelpilar.com.ar\/a\/wp-json\/wp\/v2\/product_brand?post=2973"},{"taxonomy":"product_cat","embeddable":true,"href":"https:\/\/aberturasdelpilar.com.ar\/a\/wp-json\/wp\/v2\/product_cat?post=2973"},{"taxonomy":"product_tag","embeddable":true,"href":"https:\/\/aberturasdelpilar.com.ar\/a\/wp-json\/wp\/v2\/product_tag?post=2973"}],"curies":[{"name":"wp","href":"https:\/\/api.w.org\/{rel}","templated":true}]}}