{"id":1281,"date":"2020-07-31T15:29:42","date_gmt":"2020-07-31T15:29:42","guid":{"rendered":"https:\/\/aberturasdelpilar.com.ar\/w\/?page_id=1281"},"modified":"2022-09-14T14:40:18","modified_gmt":"2022-09-14T14:40:18","slug":"cortinas","status":"publish","type":"page","link":"https:\/\/aberturasdelpilar.com.ar\/a\/cortinas\/","title":{"rendered":"Cortinas"},"content":{"rendered":"<div class=\"wpb-content-wrapper\"><p>[vc_row full_width=\u00bbstretch_row\u00bb][vc_column]<div id=\"sc_title_1181639478\"\r\n\t\tclass=\"sc_title color_style_default sc_title_default  vc_custom_1604109967308\"><h6 class=\"sc_item_subtitle sc_title_subtitle sc_align_center sc_item_title_style_default\">que ofrecemos<\/h6><h3 class=\"sc_item_title sc_title_title sc_align_center sc_item_title_style_default\">Venta y colocaci\u00f3n<\/h3><\/div><!-- \/.sc_title -->[\/vc_column][\/vc_row][vc_row full_width=\u00bbstretch_row\u00bb css=\u00bb.vc_custom_1604105728546{padding-top: 40px !important;padding-bottom: 40px !important;background-color: #e0e0e0 !important;}\u00bb][vc_column width=\u00bb5\/12&#8243;][vc_column_text css=\u00bb.vc_custom_1604445393443{margin-right: 40px !important;}\u00bb]<\/p>\n<h5>&gt; La mayor variedad de cortinas y persianas.<\/h5>\n<h5>&gt; Protecci\u00f3n solar y t\u00e9rmica efectiva para cada necesidad.<\/h5>\n<h5>&gt; Trabajamos con los mejores fabricantes del pa\u00eds.<\/h5>\n<p>[\/vc_column_text][\/vc_column][vc_column width=\u00bb7\/12&#8243;][vc_images_carousel images=\u00bb2807,2809,2814,2815,2810,2811,2812,2806,2808,2813&#8243; img_size=\u00bbfull\u00bb onclick=\u00bblink_no\u00bb speed=\u00bb3500&#8243; autoplay=\u00bbyes\u00bb hide_prev_next_buttons=\u00bbyes\u00bb css_animation=\u00bbzoomIn\u00bb css=\u00bb.vc_custom_1604108792015{border-left-width: 2px !important;padding-left: 60px !important;border-left-color: #dd3333 !important;border-left-style: solid !important;}\u00bb][\/vc_column][\/vc_row][vc_row][vc_column][vc_empty_space alter_height=\u00bbmedium\u00bb hide_on_desktop=\u00bb\u00bb hide_on_notebook=\u00bb\u00bb hide_on_tablet=\u00bb\u00bb hide_on_mobile=\u00bb\u00bb css=\u00bb.vc_custom_1512402156019{margin-top: 1rem !important;}\u00bb]<div id=\"sc_title_1217967287\"\r\n\t\tclass=\"sc_title color_style_default sc_title_default\"><h6 class=\"sc_item_subtitle sc_title_subtitle sc_align_center sc_item_title_style_default\">Soluciones para su proyecto<\/h6><h3 class=\"sc_item_title sc_title_title sc_align_center sc_item_title_style_default\">Sistemas de Cortinas MagicRoll<\/h3><\/div><!-- \/.sc_title -->[vc_empty_space alter_height=\u00bbmedium\u00bb hide_on_desktop=\u00bb\u00bb hide_on_notebook=\u00bb\u00bb hide_on_tablet=\u00bb\u00bb hide_on_mobile=\u00bb\u00bb][\/vc_column][\/vc_row][vc_row][vc_column][vc_tta_tabs alignment=\u00bbcenter\u00bb active_section=\u00bb2&#8243; no_fill_content_area=\u00bbtrue\u00bb][vc_tta_section title=\u00bbBLACK OUT &#8211; TOTAL\u00bb tab_id=\u00bb1506431134302-f1a5f6ff-e2705252-5a2a\u00bb][vc_row_inner][vc_column_inner width=\u00bb6\/12&#8243;]<div id=\"widget_slider_23529803\" class=\"widget_area sc_widget_slider vc_widget_slider wpb_content_element\"><aside id=\"widget_slider_23529803_widget\" class=\"widget widget_slider\">\t\t\t<div class=\"slider_wrap slider_engine_swiper\">\r\n\t\t\t\t<div id=\"widget_slider_23529803_outer\" class=\"slider_outer slider_swiper_outer slider_style_default slider_outer_direction_horizontal slider_outer_one slider_outer_nopagination slider_outer_controls slider_outer_controls_side slider_outer_titles_center\"><div id=\"widget_slider_23529803_swiper\" class=\"slider_container slider_swiper swiper-slider-container slider_controls slider_controls_side slider_titles_center slider_resize slider_height_auto slider_direction_horizontal slider_nopagination slider_one slider_type_bg\" data-ratio=\"460:400\" data-interval=\"7000\" data-effect=\"slide\" data-pagination=\"bullets\" data-direction=\"horizontal\" data-slides-per-view=\"1\" data-slides-space=\"0\"><div class=\"slider-wrapper swiper-wrapper\"><div  class=\"slider-slide swiper-slide\" data-image=\"https:\/\/aberturasdelpilar.com.ar\/a\/wp-content\/uploads\/2020\/11\/black-out1-3.jpg\" style=\"background-image:url(https:\/\/aberturasdelpilar.com.ar\/a\/wp-content\/uploads\/2020\/11\/black-out1-3.jpg);\"><\/div><div  class=\"slider-slide swiper-slide\" data-image=\"https:\/\/aberturasdelpilar.com.ar\/a\/wp-content\/uploads\/2020\/11\/black-out2-3.jpg\" style=\"background-image:url(https:\/\/aberturasdelpilar.com.ar\/a\/wp-content\/uploads\/2020\/11\/black-out2-3.jpg);\"><\/div><div  class=\"slider-slide swiper-slide\" data-image=\"https:\/\/aberturasdelpilar.com.ar\/a\/wp-content\/uploads\/2020\/11\/black-out3-1.jpg\" style=\"background-image:url(https:\/\/aberturasdelpilar.com.ar\/a\/wp-content\/uploads\/2020\/11\/black-out3-1.jpg);\"><\/div><div  class=\"slider-slide swiper-slide\" data-image=\"https:\/\/aberturasdelpilar.com.ar\/a\/wp-content\/uploads\/2020\/11\/black-out4-1.jpg\" style=\"background-image:url(https:\/\/aberturasdelpilar.com.ar\/a\/wp-content\/uploads\/2020\/11\/black-out4-1.jpg);\"><\/div><\/div><!-- \/.slider-wrapper --><div class=\"slider_controls_wrap\"><a class=\"slider_prev swiper-button-prev\" href=\"#\"><\/a><a class=\"slider_next swiper-button-next\" href=\"#\"><\/a><\/div><\/div><!-- \/.slider_container --><\/div><!-- \/.slider_outer -->\t\t\t<\/div>\r\n\t\t\t<\/aside><\/div>[\/vc_column_inner][vc_column_inner width=\u00bb6\/12&#8243;][vc_column_text]<\/p>\n<h4>BLACK OUT &#8211; OSCURIDAD TOTAL<\/h4>\n<p>Oscurece total o parcialmente el ambiente<br \/>\nProtege su intimidad<br \/>\nContribuye al aislamiento t\u00e9rmico<br \/>\nDise\u00f1o innovador<br \/>\nSin mantenimiento<br \/>\nR\u00e1pido montaje<br \/>\nAccionamiento manual (a cadena o a resorte)<br \/>\nAccionamiento motorizado<br \/>\nA medida<br \/>\nR\u00e1pida entrega[\/vc_column_text][vc_column_text]<\/p>\n<div class=\"col-md-12\">\n<h6>Caracter\u00edsticas T\u00e9cnicas<\/h6>\n<ul>\n<li>Profundidad: 40 mm, 54 mm o 95 mm<\/li>\n<li>Disponibilidad de Altura: de 400 mm a 2400 mm<\/li>\n<li>Disponibilidad de Anchos: de 400 mm a 2300 mm<\/li>\n<\/ul>\n<\/div>\n<p>[\/vc_column_text][\/vc_column_inner][\/vc_row_inner][\/vc_tta_section][vc_tta_section title=\u00bbBLACK OUT &#8211; PARCIAL\u00bb tab_id=\u00bb1506431134313-5fdf74e4-20765252-5a2a\u00bb][vc_row_inner][vc_column_inner width=\u00bb6\/12&#8243;]<div id=\"widget_slider_402118548\" class=\"widget_area sc_widget_slider vc_widget_slider wpb_content_element\"><aside id=\"widget_slider_402118548_widget\" class=\"widget widget_slider\">\t\t\t<div class=\"slider_wrap slider_engine_swiper\">\r\n\t\t\t\t<div id=\"widget_slider_402118548_outer\" class=\"slider_outer slider_swiper_outer slider_style_default slider_outer_direction_horizontal slider_outer_one slider_outer_nopagination slider_outer_controls slider_outer_controls_side slider_outer_titles_center\"><div id=\"widget_slider_402118548_swiper\" class=\"slider_container slider_swiper swiper-slider-container slider_controls slider_controls_side slider_titles_center slider_resize slider_height_auto slider_direction_horizontal slider_nopagination slider_one slider_type_bg\" data-ratio=\"460:400\" data-interval=\"7000\" data-effect=\"slide\" data-pagination=\"bullets\" data-direction=\"horizontal\" data-slides-per-view=\"1\" data-slides-space=\"0\"><div class=\"slider-wrapper swiper-wrapper\"><div  class=\"slider-slide swiper-slide\" data-image=\"https:\/\/aberturasdelpilar.com.ar\/a\/wp-content\/uploads\/2020\/11\/black-out-B-1.jpg\" style=\"background-image:url(https:\/\/aberturasdelpilar.com.ar\/a\/wp-content\/uploads\/2020\/11\/black-out-B-1.jpg);\"><\/div><div  class=\"slider-slide swiper-slide\" data-image=\"https:\/\/aberturasdelpilar.com.ar\/a\/wp-content\/uploads\/2020\/11\/black-out-B-2.jpg\" style=\"background-image:url(https:\/\/aberturasdelpilar.com.ar\/a\/wp-content\/uploads\/2020\/11\/black-out-B-2.jpg);\"><\/div><div  class=\"slider-slide swiper-slide\" data-image=\"https:\/\/aberturasdelpilar.com.ar\/a\/wp-content\/uploads\/2020\/11\/black-out-B-3.jpg\" style=\"background-image:url(https:\/\/aberturasdelpilar.com.ar\/a\/wp-content\/uploads\/2020\/11\/black-out-B-3.jpg);\"><\/div><\/div><!-- \/.slider-wrapper --><div class=\"slider_controls_wrap\"><a class=\"slider_prev swiper-button-prev\" href=\"#\"><\/a><a class=\"slider_next swiper-button-next\" href=\"#\"><\/a><\/div><\/div><!-- \/.slider_container --><\/div><!-- \/.slider_outer -->\t\t\t<\/div>\r\n\t\t\t<\/aside><\/div>[\/vc_column_inner][vc_column_inner width=\u00bb6\/12&#8243;][vc_column_text]<\/p>\n<h4>BLACK OUT \u2013 OSCURIDAD PARCIAL<\/h4>\n<p>Oscurece parcialmente el ambiente<br \/>\nProtege su intimidad<br \/>\nContribuye al aislamiento t\u00e9rmico<br \/>\nDise\u00f1o innovador<br \/>\nSin mantenimiento<br \/>\nR\u00e1pido montaje<br \/>\nAccionamiento manual a cadena<br \/>\nAccionamiento motorizado<br \/>\nA medida<br \/>\nR\u00e1pida entrega[\/vc_column_text][vc_column_text]<\/p>\n<h6>Caracter\u00edsticas T\u00e9cnicas<\/h6>\n<ul class=\"nav menu-typology\">\n<li>Composici\u00f3n: 58% PVC &#8211; 42% fibra de vidrio<\/li>\n<li>Lavado: Jab\u00f3n blanco y agua<\/li>\n<li>Opacidad: 100%<\/li>\n<\/ul>\n<p>[\/vc_column_text][\/vc_column_inner][\/vc_row_inner][\/vc_tta_section][vc_tta_section title=\u00bbSCREEN &#8211; OSCURIDAD PARCIAL\u00bb tab_id=\u00bb1506431790969-b69a0e02-380d5252-5a2a\u00bb][vc_row_inner][vc_column_inner width=\u00bb6\/12&#8243;]<div id=\"widget_slider_536320022\" class=\"widget_area sc_widget_slider vc_widget_slider wpb_content_element\"><aside id=\"widget_slider_536320022_widget\" class=\"widget widget_slider\">\t\t\t<div class=\"slider_wrap slider_engine_swiper\">\r\n\t\t\t\t<div id=\"widget_slider_536320022_outer\" class=\"slider_outer slider_swiper_outer slider_style_default slider_outer_direction_horizontal slider_outer_one slider_outer_nopagination slider_outer_controls slider_outer_controls_side slider_outer_titles_center\"><div id=\"widget_slider_536320022_swiper\" class=\"slider_container slider_swiper swiper-slider-container slider_controls slider_controls_side slider_titles_center slider_resize slider_height_auto slider_direction_horizontal slider_nopagination slider_one slider_type_bg\" data-ratio=\"460:400\" data-interval=\"7000\" data-effect=\"slide\" data-pagination=\"bullets\" data-direction=\"horizontal\" data-slides-per-view=\"1\" data-slides-space=\"0\"><div class=\"slider-wrapper swiper-wrapper\"><div  class=\"slider-slide swiper-slide\" data-image=\"https:\/\/aberturasdelpilar.com.ar\/a\/wp-content\/uploads\/2020\/11\/screen1.jpg\" style=\"background-image:url(https:\/\/aberturasdelpilar.com.ar\/a\/wp-content\/uploads\/2020\/11\/screen1.jpg);\"><\/div><div  class=\"slider-slide swiper-slide\" data-image=\"https:\/\/aberturasdelpilar.com.ar\/a\/wp-content\/uploads\/2020\/11\/screen2.jpg\" style=\"background-image:url(https:\/\/aberturasdelpilar.com.ar\/a\/wp-content\/uploads\/2020\/11\/screen2.jpg);\"><\/div><div  class=\"slider-slide swiper-slide\" data-image=\"https:\/\/aberturasdelpilar.com.ar\/a\/wp-content\/uploads\/2020\/11\/screen3.jpg\" style=\"background-image:url(https:\/\/aberturasdelpilar.com.ar\/a\/wp-content\/uploads\/2020\/11\/screen3.jpg);\"><\/div><div  class=\"slider-slide swiper-slide\" data-image=\"https:\/\/aberturasdelpilar.com.ar\/a\/wp-content\/uploads\/2020\/11\/screen4.jpg\" style=\"background-image:url(https:\/\/aberturasdelpilar.com.ar\/a\/wp-content\/uploads\/2020\/11\/screen4.jpg);\"><\/div><div  class=\"slider-slide swiper-slide\" data-image=\"https:\/\/aberturasdelpilar.com.ar\/a\/wp-content\/uploads\/2020\/11\/screen5.jpg\" style=\"background-image:url(https:\/\/aberturasdelpilar.com.ar\/a\/wp-content\/uploads\/2020\/11\/screen5.jpg);\"><\/div><div  class=\"slider-slide swiper-slide\" data-image=\"https:\/\/aberturasdelpilar.com.ar\/a\/wp-content\/uploads\/2020\/11\/screen6.jpg\" style=\"background-image:url(https:\/\/aberturasdelpilar.com.ar\/a\/wp-content\/uploads\/2020\/11\/screen6.jpg);\"><\/div><\/div><!-- \/.slider-wrapper --><div class=\"slider_controls_wrap\"><a class=\"slider_prev swiper-button-prev\" href=\"#\"><\/a><a class=\"slider_next swiper-button-next\" href=\"#\"><\/a><\/div><\/div><!-- \/.slider_container --><\/div><!-- \/.slider_outer -->\t\t\t<\/div>\r\n\t\t\t<\/aside><\/div>[\/vc_column_inner][vc_column_inner width=\u00bb6\/12&#8243;][vc_column_text]<\/p>\n<h4>SCREEN &#8211; OSCURIDAD PARCIAL<\/h4>\n<p>Brinda un elegenate oscurecimiento parcial<br \/>\nProtege su intimidad<br \/>\nContribuye al aislamiento t\u00e9rmico<br \/>\nDise\u00f1o innovador<br \/>\nSin mantenimiento<br \/>\nR\u00e1pido montaje<br \/>\nAccionamiento manual (a cadena o a resorte)<br \/>\nAccionamiento motorizado<br \/>\nA medida<br \/>\nR\u00e1pida entrega<\/p>\n<div class=\"col-md-12\">\n<h6>Caracter\u00edsticas T\u00e9cnicas<\/h6>\n<ul class=\"nav menu-typology\">\n<li>Profundidad de caj\u00f3n: 54 mm o 62,5 mm<\/li>\n<li>Disponibilidad de Altura: de 300 mm a 3000 mm<\/li>\n<li>Disponibilidad de Ancho: de 400 mm a 3200 mm<\/li>\n<\/ul>\n<\/div>\n<p>[\/vc_column_text][\/vc_column_inner][\/vc_row_inner][\/vc_tta_section][\/vc_tta_tabs][vc_empty_space alter_height=\u00bblarge\u00bb hide_on_desktop=\u00bb\u00bb hide_on_notebook=\u00bb\u00bb hide_on_tablet=\u00bb\u00bb hide_on_mobile=\u00bb\u00bb][\/vc_column][\/vc_row][vc_row][vc_column]<div class=\"sc_item_button sc_button_wrap sc_align_center\"><a href=\"https:\/\/aberturasdelpilar.com.ar\/a\/presupuesto-2\/\" id=\"sc_button_417723702\" class=\"sc_button color_style_default sc_button_default sc_button_size_normal sc_button_icon_left\"><span class=\"sc_button_text\"><span class=\"sc_button_title\">Solicitar Presupuesto<\/span><\/span><!-- \/.sc_button_text --><\/a><!-- \/.sc_button --><\/div><!-- \/.sc_item_button -->[\/vc_column][\/vc_row][vc_row][vc_column][vc_empty_space hide_on_desktop=\u00bb\u00bb hide_on_notebook=\u00bb\u00bb hide_on_tablet=\u00bb\u00bb hide_on_mobile=\u00bb\u00bb][\/vc_column][\/vc_row][vc_row][vc_column hide_bg_image_on_tablet=\u00bb\u00bb hide_bg_image_on_mobile=\u00bb\u00bb icons_position=\u00bbleft\u00bb][vc_separator css=\u00bb.vc_custom_1512115962074{margin-bottom: 3.7rem !important;}\u00bb]<div id=\"widget_slider_1986792500\" class=\"widget_area sc_widget_slider vc_widget_slider wpb_content_element\"><aside id=\"widget_slider_1986792500_widget\" class=\"widget widget_slider\">\t\t\t<div class=\"slider_wrap slider_engine_swiper\">\r\n\t\t\t\t<div id=\"widget_slider_1986792500_outer\" class=\"slider_outer slider_swiper_outer slider_style_default slider_outer_direction_horizontal slider_outer_multi slider_outer_nopagination slider_outer_nocontrols slider_outer_titles_center\"><div id=\"widget_slider_1986792500_swiper\" class=\"slider_container slider_swiper swiper-slider-container slider_nocontrols slider_titles_center slider_resize slider_height_auto slider_direction_horizontal slider_nopagination slider_multi slider_type_images\" data-ratio=\"16:9\" data-interval=\"6000\" data-effect=\"slide\" data-pagination=\"bullets\" data-direction=\"horizontal\" data-slides-per-view=\"6\" data-slides-space=\"0\"><div class=\"slider-wrapper swiper-wrapper\"><div  class=\"slider-slide swiper-slide\" data-image=\"https:\/\/aberturasdelpilar.com.ar\/a\/wp-content\/uploads\/2020\/08\/partner-2.png\" style=\"\"><img decoding=\"async\" src=\"https:\/\/aberturasdelpilar.com.ar\/a\/wp-content\/uploads\/2020\/08\/partner-2.png\" alt=\"\"><a href=\"http:\/\/www.gromanti.com.ar\/\" class=\"slide_link\"><\/a><\/div><div  class=\"slider-slide swiper-slide\" data-image=\"https:\/\/aberturasdelpilar.com.ar\/a\/wp-content\/uploads\/2020\/08\/partner-3.png\" style=\"\"><img decoding=\"async\" src=\"https:\/\/aberturasdelpilar.com.ar\/a\/wp-content\/uploads\/2020\/08\/partner-3.png\" alt=\"\"><a href=\"http:\/\/www.surmetal.com\/\" class=\"slide_link\"><\/a><\/div><div  class=\"slider-slide swiper-slide\" data-image=\"https:\/\/aberturasdelpilar.com.ar\/a\/wp-content\/uploads\/2020\/08\/partner-4-1.png\" style=\"\"><img decoding=\"async\" src=\"https:\/\/aberturasdelpilar.com.ar\/a\/wp-content\/uploads\/2020\/08\/partner-4-1.png\" alt=\"\"><a href=\"http:\/\/www.occhipintisa.com\/productos\/\" class=\"slide_link\"><\/a><\/div><div  class=\"slider-slide swiper-slide\" data-image=\"https:\/\/aberturasdelpilar.com.ar\/a\/wp-content\/uploads\/2020\/08\/partner-5.png\" style=\"\"><img decoding=\"async\" src=\"https:\/\/aberturasdelpilar.com.ar\/a\/wp-content\/uploads\/2020\/08\/partner-5.png\" alt=\"\"><a href=\"http:\/\/www.magic-roll.com\/\" class=\"slide_link\"><\/a><\/div><div  class=\"slider-slide swiper-slide\" data-image=\"https:\/\/aberturasdelpilar.com.ar\/a\/wp-content\/uploads\/2020\/09\/partner-7.png\" style=\"\"><img decoding=\"async\" src=\"https:\/\/aberturasdelpilar.com.ar\/a\/wp-content\/uploads\/2020\/09\/partner-7.png\" alt=\"\"><a href=\"https:\/\/www.aluar.com.ar\/sistemas\" class=\"slide_link\"><\/a><\/div><div  class=\"slider-slide swiper-slide\" data-image=\"https:\/\/aberturasdelpilar.com.ar\/a\/wp-content\/uploads\/2020\/09\/partner-6.png\" style=\"\"><img decoding=\"async\" src=\"https:\/\/aberturasdelpilar.com.ar\/a\/wp-content\/uploads\/2020\/09\/partner-6.png\" alt=\"\"><a href=\"https:\/\/www.hydro.com\/es-AR\/productos-y-servicios\/sistemas-de-construccion\/sistema-hydro-argentina\/\" class=\"slide_link\"><\/a><\/div><\/div><!-- \/.slider-wrapper --><\/div><!-- \/.slider_container --><\/div><!-- \/.slider_outer -->\t\t\t<\/div>\r\n\t\t\t<\/aside><\/div>[\/vc_column][\/vc_row]<\/p>\n<\/div>","protected":false},"excerpt":{"rendered":"<p>[vc_row full_width=\u00bbstretch_row\u00bb][vc_column][\/vc_column][\/vc_row][vc_row full_width=\u00bbstretch_row\u00bb css=\u00bb.vc_custom_1604105728546{padding-top: 40px !important;padding-bottom: 40px !important;background-color: #e0e0e0 !important;}\u00bb][vc_column width=\u00bb5\/12&#8243;][vc_column_text css=\u00bb.vc_custom_1604445393443{margin-right: 40px !important;}\u00bb] &gt; La mayor variedad de cortinas y persianas. &gt; Protecci\u00f3n solar y t\u00e9rmica efectiva para cada necesidad. &gt; Trabajamos con los mejores fabricantes del pa\u00eds. [\/vc_column_text][\/vc_column][vc_column width=\u00bb7\/12&#8243;][vc_images_carousel images=\u00bb2807,2809,2814,2815,2810,2811,2812,2806,2808,2813&#8243; img_size=\u00bbfull\u00bb onclick=\u00bblink_no\u00bb speed=\u00bb3500&#8243; autoplay=\u00bbyes\u00bb hide_prev_next_buttons=\u00bbyes\u00bb css_animation=\u00bbzoomIn\u00bb css=\u00bb.vc_custom_1604108792015{border-left-width: 2px !important;padding-left: 60px !important;border-left-color: #dd3333 !important;border-left-style: solid !important;}\u00bb][\/vc_column][\/vc_row][vc_row][vc_column][vc_empty_space alter_height=\u00bbmedium\u00bb hide_on_desktop=\u00bb\u00bb hide_on_notebook=\u00bb\u00bb&hellip;<\/p>\n","protected":false},"author":3,"featured_media":0,"parent":0,"menu_order":0,"comment_status":"closed","ping_status":"closed","template":"","meta":{"footnotes":""},"class_list":["post-1281","page","type-page","status-publish","hentry"],"yoast_head":"<!-- This site is optimized with the Yoast SEO plugin v27.5 - https:\/\/yoast.com\/product\/yoast-seo-wordpress\/ -->\n<title>Cortinas - Aberturas del Pilar<\/title>\n<meta name=\"description\" content=\"La mayor variedad de cortinas y persianas. Protecci\u00f3n solar y t\u00e9rmica efectiva para cada necesidad. Trabajamos con los mejores fabricantes del pa\u00eds.\" \/>\n<meta name=\"robots\" content=\"index, follow, max-snippet:-1, max-image-preview:large, max-video-preview:-1\" \/>\n<link rel=\"canonical\" href=\"https:\/\/aberturasdelpilar.com.ar\/a\/cortinas\/\" \/>\n<meta property=\"og:locale\" content=\"es_ES\" \/>\n<meta property=\"og:type\" content=\"article\" \/>\n<meta property=\"og:title\" content=\"Cortinas - Aberturas del Pilar\" \/>\n<meta property=\"og:description\" content=\"La mayor variedad de cortinas y persianas. Protecci\u00f3n solar y t\u00e9rmica efectiva para cada necesidad. Trabajamos con los mejores fabricantes del pa\u00eds.\" \/>\n<meta property=\"og:url\" content=\"https:\/\/aberturasdelpilar.com.ar\/a\/cortinas\/\" \/>\n<meta property=\"og:site_name\" content=\"Aberturas del Pilar\" \/>\n<meta property=\"article:modified_time\" content=\"2022-09-14T14:40:18+00:00\" \/>\n<meta name=\"twitter:card\" content=\"summary_large_image\" \/>\n<meta name=\"twitter:label1\" content=\"Tiempo de lectura\" \/>\n\t<meta name=\"twitter:data1\" content=\"2 minutos\" \/>\n<script type=\"application\/ld+json\" class=\"yoast-schema-graph\">{\"@context\":\"https:\\\/\\\/schema.org\",\"@graph\":[{\"@type\":\"WebPage\",\"@id\":\"https:\\\/\\\/aberturasdelpilar.com.ar\\\/a\\\/cortinas\\\/\",\"url\":\"https:\\\/\\\/aberturasdelpilar.com.ar\\\/a\\\/cortinas\\\/\",\"name\":\"Cortinas - Aberturas del Pilar\",\"isPartOf\":{\"@id\":\"https:\\\/\\\/aberturasdelpilar.com.ar\\\/a\\\/#website\"},\"datePublished\":\"2020-07-31T15:29:42+00:00\",\"dateModified\":\"2022-09-14T14:40:18+00:00\",\"description\":\"La mayor variedad de cortinas y persianas. Protecci\u00f3n solar y t\u00e9rmica efectiva para cada necesidad. Trabajamos con los mejores fabricantes del pa\u00eds.\",\"inLanguage\":\"es\",\"potentialAction\":[{\"@type\":\"ReadAction\",\"target\":[\"https:\\\/\\\/aberturasdelpilar.com.ar\\\/a\\\/cortinas\\\/\"]}]},{\"@type\":\"WebSite\",\"@id\":\"https:\\\/\\\/aberturasdelpilar.com.ar\\\/a\\\/#website\",\"url\":\"https:\\\/\\\/aberturasdelpilar.com.ar\\\/a\\\/\",\"name\":\"Aberturas del Pilar\",\"description\":\"F\u00e1brica de Cerramientos de Aluminio - Venta puertas y Portones\",\"publisher\":{\"@id\":\"https:\\\/\\\/aberturasdelpilar.com.ar\\\/a\\\/#organization\"},\"potentialAction\":[{\"@type\":\"SearchAction\",\"target\":{\"@type\":\"EntryPoint\",\"urlTemplate\":\"https:\\\/\\\/aberturasdelpilar.com.ar\\\/a\\\/?s={search_term_string}\"},\"query-input\":{\"@type\":\"PropertyValueSpecification\",\"valueRequired\":true,\"valueName\":\"search_term_string\"}}],\"inLanguage\":\"es\"},{\"@type\":\"Organization\",\"@id\":\"https:\\\/\\\/aberturasdelpilar.com.ar\\\/a\\\/#organization\",\"name\":\"Aberturas del Pilar\",\"url\":\"https:\\\/\\\/aberturasdelpilar.com.ar\\\/a\\\/\",\"logo\":{\"@type\":\"ImageObject\",\"inLanguage\":\"es\",\"@id\":\"https:\\\/\\\/aberturasdelpilar.com.ar\\\/a\\\/#\\\/schema\\\/logo\\\/image\\\/\",\"url\":\"https:\\\/\\\/aberturasdelpilar.com.ar\\\/a\\\/wp-content\\\/uploads\\\/2020\\\/07\\\/logo-delpilar-3.png\",\"contentUrl\":\"https:\\\/\\\/aberturasdelpilar.com.ar\\\/a\\\/wp-content\\\/uploads\\\/2020\\\/07\\\/logo-delpilar-3.png\",\"width\":494,\"height\":182,\"caption\":\"Aberturas del Pilar\"},\"image\":{\"@id\":\"https:\\\/\\\/aberturasdelpilar.com.ar\\\/a\\\/#\\\/schema\\\/logo\\\/image\\\/\"}}]}<\/script>\n<!-- \/ Yoast SEO plugin. -->","yoast_head_json":{"title":"Cortinas - Aberturas del Pilar","description":"La mayor variedad de cortinas y persianas. Protecci\u00f3n solar y t\u00e9rmica efectiva para cada necesidad. Trabajamos con los mejores fabricantes del pa\u00eds.","robots":{"index":"index","follow":"follow","max-snippet":"max-snippet:-1","max-image-preview":"max-image-preview:large","max-video-preview":"max-video-preview:-1"},"canonical":"https:\/\/aberturasdelpilar.com.ar\/a\/cortinas\/","og_locale":"es_ES","og_type":"article","og_title":"Cortinas - Aberturas del Pilar","og_description":"La mayor variedad de cortinas y persianas. Protecci\u00f3n solar y t\u00e9rmica efectiva para cada necesidad. Trabajamos con los mejores fabricantes del pa\u00eds.","og_url":"https:\/\/aberturasdelpilar.com.ar\/a\/cortinas\/","og_site_name":"Aberturas del Pilar","article_modified_time":"2022-09-14T14:40:18+00:00","twitter_card":"summary_large_image","twitter_misc":{"Tiempo de lectura":"2 minutos"},"schema":{"@context":"https:\/\/schema.org","@graph":[{"@type":"WebPage","@id":"https:\/\/aberturasdelpilar.com.ar\/a\/cortinas\/","url":"https:\/\/aberturasdelpilar.com.ar\/a\/cortinas\/","name":"Cortinas - Aberturas del Pilar","isPartOf":{"@id":"https:\/\/aberturasdelpilar.com.ar\/a\/#website"},"datePublished":"2020-07-31T15:29:42+00:00","dateModified":"2022-09-14T14:40:18+00:00","description":"La mayor variedad de cortinas y persianas. Protecci\u00f3n solar y t\u00e9rmica efectiva para cada necesidad. Trabajamos con los mejores fabricantes del pa\u00eds.","inLanguage":"es","potentialAction":[{"@type":"ReadAction","target":["https:\/\/aberturasdelpilar.com.ar\/a\/cortinas\/"]}]},{"@type":"WebSite","@id":"https:\/\/aberturasdelpilar.com.ar\/a\/#website","url":"https:\/\/aberturasdelpilar.com.ar\/a\/","name":"Aberturas del Pilar","description":"F\u00e1brica de Cerramientos de Aluminio - Venta puertas y Portones","publisher":{"@id":"https:\/\/aberturasdelpilar.com.ar\/a\/#organization"},"potentialAction":[{"@type":"SearchAction","target":{"@type":"EntryPoint","urlTemplate":"https:\/\/aberturasdelpilar.com.ar\/a\/?s={search_term_string}"},"query-input":{"@type":"PropertyValueSpecification","valueRequired":true,"valueName":"search_term_string"}}],"inLanguage":"es"},{"@type":"Organization","@id":"https:\/\/aberturasdelpilar.com.ar\/a\/#organization","name":"Aberturas del Pilar","url":"https:\/\/aberturasdelpilar.com.ar\/a\/","logo":{"@type":"ImageObject","inLanguage":"es","@id":"https:\/\/aberturasdelpilar.com.ar\/a\/#\/schema\/logo\/image\/","url":"https:\/\/aberturasdelpilar.com.ar\/a\/wp-content\/uploads\/2020\/07\/logo-delpilar-3.png","contentUrl":"https:\/\/aberturasdelpilar.com.ar\/a\/wp-content\/uploads\/2020\/07\/logo-delpilar-3.png","width":494,"height":182,"caption":"Aberturas del Pilar"},"image":{"@id":"https:\/\/aberturasdelpilar.com.ar\/a\/#\/schema\/logo\/image\/"}}]}},"_links":{"self":[{"href":"https:\/\/aberturasdelpilar.com.ar\/a\/wp-json\/wp\/v2\/pages\/1281","targetHints":{"allow":["GET"]}}],"collection":[{"href":"https:\/\/aberturasdelpilar.com.ar\/a\/wp-json\/wp\/v2\/pages"}],"about":[{"href":"https:\/\/aberturasdelpilar.com.ar\/a\/wp-json\/wp\/v2\/types\/page"}],"author":[{"embeddable":true,"href":"https:\/\/aberturasdelpilar.com.ar\/a\/wp-json\/wp\/v2\/users\/3"}],"replies":[{"embeddable":true,"href":"https:\/\/aberturasdelpilar.com.ar\/a\/wp-json\/wp\/v2\/comments?post=1281"}],"version-history":[{"count":35,"href":"https:\/\/aberturasdelpilar.com.ar\/a\/wp-json\/wp\/v2\/pages\/1281\/revisions"}],"predecessor-version":[{"id":2908,"href":"https:\/\/aberturasdelpilar.com.ar\/a\/wp-json\/wp\/v2\/pages\/1281\/revisions\/2908"}],"wp:attachment":[{"href":"https:\/\/aberturasdelpilar.com.ar\/a\/wp-json\/wp\/v2\/media?parent=1281"}],"curies":[{"name":"wp","href":"https:\/\/api.w.org\/{rel}","templated":true}]}}